	



	{"id":28,"date":"2022-11-15T08:45:06","date_gmt":"2022-11-15T07:45:06","guid":{"rendered":"https:\/\/kitbase.webs.fococonsultores.es\/?page_id=28"},"modified":"2023-06-02T08:55:08","modified_gmt":"2023-06-02T07:55:08","slug":"contacto","status":"publish","type":"page","link":"https:\/\/maginaasesores.es\/index.php\/contacto\/","title":{"rendered":"Contacto"},"content":{"rendered":"\n<div style=\"height:4vh\" aria-hidden=\"true\" class=\"wp-block-spacer\"><\/div>\n\n\n<div class=\"yoast-breadcrumbs\"><span><span><a href=\"https:\/\/maginaasesores.es\/\">Portada<\/a> \u00bb <span class=\"breadcrumb_last\" aria-current=\"page\">Contacto<\/span><\/span><\/span><\/div>\n\n\n<div class=\"wp-duotone-rgb333333-rgb148171-7 wp-block-cover alignfull is-light\"><span aria-hidden=\"true\" class=\"wp-block-cover__background has-background-dim\" style=\"background-color:#282828\"><\/span><img decoding=\"async\" loading=\"lazy\" width=\"1920\" height=\"954\" class=\"wp-block-cover__image-background wp-image-676\" alt=\"contacto fachada m\u00e1gina asesores\" src=\"https:\/\/maginaasesores.es\/wp-content\/uploads\/sites\/10\/2023\/05\/magina_asesores_contacto.jpg\" data-object-fit=\"cover\" srcset=\"https:\/\/maginaasesores.es\/wp-content\/uploads\/sites\/10\/2023\/05\/magina_asesores_contacto.jpg 1920w, https:\/\/maginaasesores.es\/wp-content\/uploads\/sites\/10\/2023\/05\/magina_asesores_contacto-300x149.jpg 300w, https:\/\/maginaasesores.es\/wp-content\/uploads\/sites\/10\/2023\/05\/magina_asesores_contacto-1024x509.jpg 1024w, https:\/\/maginaasesores.es\/wp-content\/uploads\/sites\/10\/2023\/05\/magina_asesores_contacto-768x382.jpg 768w, https:\/\/maginaasesores.es\/wp-content\/uploads\/sites\/10\/2023\/05\/magina_asesores_contacto-1536x763.jpg 1536w\" sizes=\"(max-width: 1920px) 100vw, 1920px\" \/><div class=\"wp-block-cover__inner-container\">\n<div style=\"height:100px\" aria-hidden=\"true\" class=\"wp-block-spacer\"><\/div>\n\n\n\n<div class=\"is-layout-flex wp-container-6 wp-block-columns alignwide\">\n<div class=\"is-layout-flow wp-block-column\"><\/div>\n\n\n\n<div class=\"is-layout-flow wp-block-column is-vertically-aligned-center\" style=\"flex-basis:25%\">\n<h1 class=\"has-white-color has-text-color has-large-font-size\">Cont\u00e1ctanos<\/h1>\n\n\n\n<p class=\"has-white-color has-text-color\">Puedes ponerte en contacto con nosotros a trav\u00e9s de este formulario, o si lo prefieres, escribi\u00e9ndonos un correo electr\u00f3nico a:<\/p>\n\n\n\n<p class=\"has-white-color has-text-color\"><strong>info@magina-asesores.com<\/strong><\/p>\n\n\n\n<p class=\"has-white-color has-text-color\">O a trav\u00e9s del tel\u00e9fono:<\/p>\n\n\n\n<p class=\"has-white-color has-text-color\"><strong>+34 953 002 295<\/strong><\/p>\n<\/div>\n\n\n\n<div class=\"is-layout-flow wp-block-column\"><\/div>\n\n\n\n<div class=\"is-layout-flow wp-block-column has-white-color has-text-color\" style=\"flex-basis:30%\"><div class='fluentform fluentform_wrapper_1'><form data-form_id=\"1\" id=\"fluentform_1\" class=\"frm-fluent-form fluent_form_1 ff-el-form-top ff_form_instance_1_1 ff-form-loading ff_has_v3_recptcha\" data-form_instance=\"ff_form_instance_1_1\" method=\"POST\" data-recptcha_key=\"6Lcty-EmAAAAAO9rzRGwr7mg2FjGnaflCgUetfUI\" ><fieldset style=\"border: none!important;margin: 0!important;padding: 0!important;background-color: transparent!important;\n                                 box-shadow: none!important;outline: none!important;\">\n                    <legend class=\"ff_screen_reader_title\" style=\"margin: 0!important;padding: 0!important;height: 0!important;text-indent: -999999px;width: 0!important;\">Formulario de contacto. magina Asesores<\/legend><input type='hidden' name='__fluent_form_embded_post_id' value='28' \/><input type=\"hidden\" id=\"_fluentform_1_fluentformnonce\" name=\"_fluentform_1_fluentformnonce\" value=\"bde39a597c\" \/><input type=\"hidden\" name=\"_wp_http_referer\" value=\"\/index.php\/wp-json\/wp\/v2\/pages\/28\" \/><div data-type=\"name-element\" data-name=\"names\" class=\" ff-field_container ff-name-field-wrapper\" ><div class='ff-t-container'><div class='ff-t-cell '><div class='ff-el-group'><div class=\"ff-el-input--label ff-el-is-required asterisk-right\"><label for='ff_1_names_first_name_' aria-label=\"Nombre\">Nombre<\/label> <\/div><div class='ff-el-input--content'><input type=\"text\" name=\"names[first_name]\" id=\"ff_1_names_first_name_\" class=\"ff-el-form-control\" placeholder=\"Nombre\" aria-invalid=\"false\" aria-required=false><\/div><\/div><\/div><div class='ff-t-cell '><div class='ff-el-group'><div class=\"ff-el-input--label asterisk-right\"><label for='ff_1_names_last_name_' aria-label=\"Apellidos\">Apellidos<\/label> <\/div><div class='ff-el-input--content'><input type=\"text\" name=\"names[last_name]\" id=\"ff_1_names_last_name_\" class=\"ff-el-form-control\" placeholder=\"Apellidos\" aria-invalid=\"false\" aria-required=false><\/div><\/div><\/div><\/div><\/div><div class='ff-el-group'><div class=\"ff-el-input--label ff-el-is-required asterisk-right\"><label for='ff_1_email' aria-label=\"Correo electr\u00f3nico\">Correo electr\u00f3nico<\/label> <\/div><div class='ff-el-input--content'><input type=\"email\" name=\"email\" id=\"ff_1_email\" class=\"ff-el-form-control\" placeholder=\"email@email.com\" data-name=\"email\"  aria-invalid=\"false\" aria-required=true><\/div><\/div><div class='ff-el-group'><div class=\"ff-el-input--label asterisk-right\"><label for='ff_1_subject' aria-label=\"Asunto\">Asunto<\/label> <\/div><div class='ff-el-input--content'><input type=\"text\" name=\"subject\" class=\"ff-el-form-control\" placeholder=\"Asunto\" data-name=\"subject\" id=\"ff_1_subject\"  aria-invalid=\"false\" aria-required=false><\/div><\/div><div class='ff-el-group'><div class=\"ff-el-input--label ff-el-is-required asterisk-right\"><label for='ff_1_message' aria-label=\"\u00bfEn qu\u00e9 te podemos ayudar?\">\u00bfEn qu\u00e9 te podemos ayudar?<\/label> <\/div><div class='ff-el-input--content'><textarea aria-invalid=\"false\" aria-required=true name=\"message\" id=\"ff_1_message\" class=\"ff-el-form-control\" placeholder=\"Tu mensaje\" rows=\"4\" cols=\"2\" data-name=\"message\" ><\/textarea><\/div><\/div><div class='ff-el-group ff-text-left ff_submit_btn_wrapper'><button type=\"submit\" class=\"ff-btn ff-btn-submit ff-btn-md ff_btn_no_style\" >Enviar<\/button><\/div><\/fieldset><\/form><div id='fluentform_1_errors' class='ff-errors-in-stack ff_form_instance_1_1 ff-form-loading_errors ff_form_instance_1_1_errors'><\/div><\/div>        <script type=\"text\/javascript\">\n            window.fluent_form_ff_form_instance_1_1 = {\"id\":\"1\",\"settings\":{\"layout\":{\"labelPlacement\":\"top\",\"helpMessagePlacement\":\"with_label\",\"errorMessagePlacement\":\"inline\",\"cssClassName\":\"\",\"asteriskPlacement\":\"asterisk-right\"},\"restrictions\":{\"denyEmptySubmission\":{\"enabled\":false}}},\"form_instance\":\"ff_form_instance_1_1\",\"form_id_selector\":\"fluentform_1\",\"rules\":{\"names[first_name]\":{\"required\":{\"value\":true,\"message\":\"Rellenar este campo es obligatorio\"}},\"names[middle_name]\":{\"required\":{\"value\":false,\"message\":\"This field is required\"}},\"names[last_name]\":{\"required\":{\"value\":false,\"message\":\"This field is required\"}},\"email\":{\"required\":{\"value\":true,\"message\":\"Rellenar este campo es obligatorio\"},\"email\":{\"value\":true,\"message\":\"Este campo debe contener un correo electr\\u00f3nico v\\u00e1lido\"}},\"subject\":{\"required\":{\"value\":false,\"message\":\"This field is required\"}},\"message\":{\"required\":{\"value\":true,\"message\":\"Rellenar este campo es obligatorio\"}},\"g-recaptcha-response\":[]},\"conditionals\":{\"names\":{\"type\":\"all\",\"status\":true,\"conditions\":[{\"field\":\"\",\"value\":\"\",\"operator\":\"\"}]}}};\n                    <\/script>\n        \n<\/div>\n\n\n\n<div class=\"is-layout-flow wp-block-column\"><\/div>\n<\/div>\n<\/div><\/div>\n","protected":false},"excerpt":{"rendered":"","protected":false},"author":2,"featured_media":0,"parent":0,"menu_order":0,"comment_status":"closed","ping_status":"closed","template":"","meta":{"_mi_skip_tracking":false},"yoast_head":"<!-- This site is optimized with the Yoast SEO plugin v19.10 - https:\/\/yoast.com\/wordpress\/plugins\/seo\/ -->\n<title>Contacto - M\u00e1gina Asesores<\/title>\n<meta name=\"description\" content=\"Cont\u00e1ctanos por formulario, email o tel\u00e9fono. Nuestro email es info@magina-asesores.com y nuestro tel\u00e9fono es +34 953 002 295.\" \/>\n<meta name=\"robots\" content=\"index, follow, max-snippet:-1, max-image-preview:large, max-video-preview:-1\" \/>\n<link rel=\"canonical\" href=\"https:\/\/maginaasesores.es\/index.php\/contacto\/\" \/>\n<meta property=\"og:locale\" content=\"es_ES\" \/>\n<meta property=\"og:type\" content=\"article\" \/>\n<meta property=\"og:title\" content=\"Contacto - M\u00e1gina Asesores\" \/>\n<meta property=\"og:description\" content=\"Cont\u00e1ctanos por formulario, email o tel\u00e9fono. Nuestro email es info@magina-asesores.com y nuestro tel\u00e9fono es +34 953 002 295.\" \/>\n<meta property=\"og:url\" content=\"https:\/\/maginaasesores.es\/index.php\/contacto\/\" \/>\n<meta property=\"og:site_name\" content=\"M\u00e1gina Asesores\" \/>\n<meta property=\"article:modified_time\" content=\"2023-06-02T07:55:08+00:00\" \/>\n<meta property=\"og:image\" content=\"https:\/\/maginaasesores.es\/wp-content\/uploads\/sites\/10\/2023\/05\/magina_asesores_contacto.jpg\" \/>\n<meta name=\"twitter:card\" content=\"summary_large_image\" \/>\n<meta name=\"twitter:label1\" content=\"Tiempo de lectura\" \/>\n\t<meta name=\"twitter:data1\" content=\"1 minuto\" \/>\n<script type=\"application\/ld+json\" class=\"yoast-schema-graph\">{\"@context\":\"https:\/\/schema.org\",\"@graph\":[{\"@type\":\"WebPage\",\"@id\":\"https:\/\/maginaasesores.es\/index.php\/contacto\/\",\"url\":\"https:\/\/maginaasesores.es\/index.php\/contacto\/\",\"name\":\"Contacto - M\u00e1gina Asesores\",\"isPartOf\":{\"@id\":\"https:\/\/maginaasesores.es\/#website\"},\"datePublished\":\"2022-11-15T07:45:06+00:00\",\"dateModified\":\"2023-06-02T07:55:08+00:00\",\"description\":\"Cont\u00e1ctanos por formulario, email o tel\u00e9fono. Nuestro email es info@magina-asesores.com y nuestro tel\u00e9fono es +34 953 002 295.\",\"breadcrumb\":{\"@id\":\"https:\/\/maginaasesores.es\/index.php\/contacto\/#breadcrumb\"},\"inLanguage\":\"es\",\"potentialAction\":[{\"@type\":\"ReadAction\",\"target\":[\"https:\/\/maginaasesores.es\/index.php\/contacto\/\"]}]},{\"@type\":\"BreadcrumbList\",\"@id\":\"https:\/\/maginaasesores.es\/index.php\/contacto\/#breadcrumb\",\"itemListElement\":[{\"@type\":\"ListItem\",\"position\":1,\"name\":\"Portada\",\"item\":\"https:\/\/maginaasesores.es\/\"},{\"@type\":\"ListItem\",\"position\":2,\"name\":\"Contacto\"}]},{\"@type\":\"WebSite\",\"@id\":\"https:\/\/maginaasesores.es\/#website\",\"url\":\"https:\/\/maginaasesores.es\/\",\"name\":\"M\u00e1gina Asesores\",\"description\":\"Asesor\u00eda Fiscal. Laboral y Contable\",\"publisher\":{\"@id\":\"https:\/\/maginaasesores.es\/#organization\"},\"potentialAction\":[{\"@type\":\"SearchAction\",\"target\":{\"@type\":\"EntryPoint\",\"urlTemplate\":\"https:\/\/maginaasesores.es\/?s={search_term_string}\"},\"query-input\":\"required name=search_term_string\"}],\"inLanguage\":\"es\"},{\"@type\":\"Organization\",\"@id\":\"https:\/\/maginaasesores.es\/#organization\",\"name\":\"M\u00e1gina Asesores\",\"url\":\"https:\/\/maginaasesores.es\/\",\"logo\":{\"@type\":\"ImageObject\",\"inLanguage\":\"es\",\"@id\":\"https:\/\/maginaasesores.es\/#\/schema\/logo\/image\/\",\"url\":\"https:\/\/maginaasesores.es\/wp-content\/uploads\/sites\/10\/2023\/05\/magina-asesores-h.png\",\"contentUrl\":\"https:\/\/maginaasesores.es\/wp-content\/uploads\/sites\/10\/2023\/05\/magina-asesores-h.png\",\"width\":672,\"height\":355,\"caption\":\"M\u00e1gina Asesores\"},\"image\":{\"@id\":\"https:\/\/maginaasesores.es\/#\/schema\/logo\/image\/\"}}]}<\/script>\n<!-- \/ Yoast SEO plugin. -->","yoast_head_json":{"title":"Contacto - M\u00e1gina Asesores","description":"Cont\u00e1ctanos por formulario, email o tel\u00e9fono. Nuestro email es info@magina-asesores.com y nuestro tel\u00e9fono es +34 953 002 295.","robots":{"index":"index","follow":"follow","max-snippet":"max-snippet:-1","max-image-preview":"max-image-preview:large","max-video-preview":"max-video-preview:-1"},"canonical":"https:\/\/maginaasesores.es\/index.php\/contacto\/","og_locale":"es_ES","og_type":"article","og_title":"Contacto - M\u00e1gina Asesores","og_description":"Cont\u00e1ctanos por formulario, email o tel\u00e9fono. Nuestro email es info@magina-asesores.com y nuestro tel\u00e9fono es +34 953 002 295.","og_url":"https:\/\/maginaasesores.es\/index.php\/contacto\/","og_site_name":"M\u00e1gina Asesores","article_modified_time":"2023-06-02T07:55:08+00:00","og_image":[{"url":"https:\/\/maginaasesores.es\/wp-content\/uploads\/sites\/10\/2023\/05\/magina_asesores_contacto.jpg"}],"twitter_card":"summary_large_image","twitter_misc":{"Tiempo de lectura":"1 minuto"},"schema":{"@context":"https:\/\/schema.org","@graph":[{"@type":"WebPage","@id":"https:\/\/maginaasesores.es\/index.php\/contacto\/","url":"https:\/\/maginaasesores.es\/index.php\/contacto\/","name":"Contacto - M\u00e1gina Asesores","isPartOf":{"@id":"https:\/\/maginaasesores.es\/#website"},"datePublished":"2022-11-15T07:45:06+00:00","dateModified":"2023-06-02T07:55:08+00:00","description":"Cont\u00e1ctanos por formulario, email o tel\u00e9fono. Nuestro email es info@magina-asesores.com y nuestro tel\u00e9fono es +34 953 002 295.","breadcrumb":{"@id":"https:\/\/maginaasesores.es\/index.php\/contacto\/#breadcrumb"},"inLanguage":"es","potentialAction":[{"@type":"ReadAction","target":["https:\/\/maginaasesores.es\/index.php\/contacto\/"]}]},{"@type":"BreadcrumbList","@id":"https:\/\/maginaasesores.es\/index.php\/contacto\/#breadcrumb","itemListElement":[{"@type":"ListItem","position":1,"name":"Portada","item":"https:\/\/maginaasesores.es\/"},{"@type":"ListItem","position":2,"name":"Contacto"}]},{"@type":"WebSite","@id":"https:\/\/maginaasesores.es\/#website","url":"https:\/\/maginaasesores.es\/","name":"M\u00e1gina Asesores","description":"Asesor\u00eda Fiscal. Laboral y Contable","publisher":{"@id":"https:\/\/maginaasesores.es\/#organization"},"potentialAction":[{"@type":"SearchAction","target":{"@type":"EntryPoint","urlTemplate":"https:\/\/maginaasesores.es\/?s={search_term_string}"},"query-input":"required name=search_term_string"}],"inLanguage":"es"},{"@type":"Organization","@id":"https:\/\/maginaasesores.es\/#organization","name":"M\u00e1gina Asesores","url":"https:\/\/maginaasesores.es\/","logo":{"@type":"ImageObject","inLanguage":"es","@id":"https:\/\/maginaasesores.es\/#\/schema\/logo\/image\/","url":"https:\/\/maginaasesores.es\/wp-content\/uploads\/sites\/10\/2023\/05\/magina-asesores-h.png","contentUrl":"https:\/\/maginaasesores.es\/wp-content\/uploads\/sites\/10\/2023\/05\/magina-asesores-h.png","width":672,"height":355,"caption":"M\u00e1gina Asesores"},"image":{"@id":"https:\/\/maginaasesores.es\/#\/schema\/logo\/image\/"}}]}},"_links":{"self":[{"href":"https:\/\/maginaasesores.es\/index.php\/wp-json\/wp\/v2\/pages\/28"}],"collection":[{"href":"https:\/\/maginaasesores.es\/index.php\/wp-json\/wp\/v2\/pages"}],"about":[{"href":"https:\/\/maginaasesores.es\/index.php\/wp-json\/wp\/v2\/types\/page"}],"author":[{"embeddable":true,"href":"https:\/\/maginaasesores.es\/index.php\/wp-json\/wp\/v2\/users\/2"}],"replies":[{"embeddable":true,"href":"https:\/\/maginaasesores.es\/index.php\/wp-json\/wp\/v2\/comments?post=28"}],"version-history":[{"count":27,"href":"https:\/\/maginaasesores.es\/index.php\/wp-json\/wp\/v2\/pages\/28\/revisions"}],"predecessor-version":[{"id":790,"href":"https:\/\/maginaasesores.es\/index.php\/wp-json\/wp\/v2\/pages\/28\/revisions\/790"}],"wp:attachment":[{"href":"https:\/\/maginaasesores.es\/index.php\/wp-json\/wp\/v2\/media?parent=28"}],"curies":[{"name":"wp","href":"https:\/\/api.w.org\/{rel}","templated":true}]}}